{"id":2363,"date":"2018-07-06T09:38:50","date_gmt":"2018-07-06T09:38:50","guid":{"rendered":"https:\/\/www.radiustheme.com\/demo\/wordpress\/themes\/classima\/listing-form\/"},"modified":"2021-07-16T01:16:28","modified_gmt":"2021-07-16T05:16:28","slug":"post-an-ad","status":"publish","type":"page","link":"https:\/\/veneportal.com\/directorio\/post-an-ad\/","title":{"rendered":"Post an Ad"},"content":{"rendered":"\t\t<div data-elementor-type=\"wp-page\" data-elementor-id=\"2363\" class=\"elementor elementor-2363\">\n\t\t\t\t\t\t<section class=\"elementor-section elementor-top-section elementor-element elementor-element-7aa113c7 elementor-section-boxed elementor-section-height-default elementor-section-height-default\" data-id=\"7aa113c7\" data-element_type=\"section\" data-e-type=\"section\">\n\t\t\t\t\t\t<div class=\"elementor-container elementor-column-gap-default\">\n\t\t\t\t\t<div class=\"elementor-column elementor-col-100 elementor-top-column elementor-element elementor-element-6c3b57b3\" data-id=\"6c3b57b3\" data-element_type=\"column\" data-e-type=\"column\">\n\t\t\t<div class=\"elementor-widget-wrap elementor-element-populated\">\n\t\t\t\t\t\t<div class=\"elementor-element elementor-element-6b2c9e5 elementor-widget elementor-widget-elementskit-simple-tab\" data-id=\"6b2c9e5\" data-element_type=\"widget\" data-e-type=\"widget\" data-widget_type=\"elementskit-simple-tab.default\">\n\t\t\t\t<div class=\"elementor-widget-container\">\n\t\t\t\t\t<div class=\"ekit-wid-con\" >        <div class=\"elementkit-tab-wraper   elementskit-fitcontent-tab \">\n            <ul class=\"nav nav-tabs elementkit-tab-nav \">\n                                    <li class=\"elementkit-nav-item elementor-repeater-item-3c03e6f\">\n                        <a class=\"elementkit-nav-link  active show left-pos\" id=\"content-3c03e6f69f0c342477e6-tab\" data-ekit-handler-id=\"gratis\" data-ekit-toggle=\"tab\" data-target=\"#content-3c03e6f69f0c342477e6\" href=\"#Content-3c03e6f69f0c342477e6\"\n                            data-ekit-toggle-trigger=\"click\"\n                            aria-describedby=\"Content-3c03e6f69f0c342477e6\">\n                            <span class=\"elementskit-tab-icon\"><i class=\"fas fa-comment-dollar\"><\/i><\/span>                            <span class=\"elementskit-tab-title\">Gratis<\/span>\n                        <\/a>\n                    <\/li>\n                                        <li class=\"elementkit-nav-item elementor-repeater-item-6937927\">\n                        <a class=\"elementkit-nav-link  left-pos\" id=\"content-693792769f0c342477e6-tab\" data-ekit-handler-id=\"haz-crecer-tu-negocio\" data-ekit-toggle=\"tab\" data-target=\"#content-693792769f0c342477e6\" href=\"#Content-693792769f0c342477e6\"\n                            data-ekit-toggle-trigger=\"click\"\n                            aria-describedby=\"Content-693792769f0c342477e6\">\n                            <span class=\"elementskit-tab-icon\"><i class=\"icon icon-growth\"><\/i><\/span>                            <span class=\"elementskit-tab-title\">Haz crecer tu negocio<\/span>\n                        <\/a>\n                    <\/li>\n                                        <li class=\"elementkit-nav-item elementor-repeater-item-14c6e68\">\n                        <a class=\"elementkit-nav-link  left-pos\" id=\"content-14c6e6869f0c342477e6-tab\" data-ekit-handler-id=\"promo-noticias-\" data-ekit-toggle=\"tab\" data-target=\"#content-14c6e6869f0c342477e6\" href=\"#Content-14c6e6869f0c342477e6\"\n                            data-ekit-toggle-trigger=\"click\"\n                            aria-describedby=\"Content-14c6e6869f0c342477e6\">\n                            <span class=\"elementskit-tab-icon\"><i class=\"icon icon-earth\"><\/i><\/span>                            <span class=\"elementskit-tab-title\">Promo noticias!<\/span>\n                        <\/a>\n                    <\/li>\n                                <\/ul>\n\n            <div class=\"tab-content elementkit-tab-content\">\n                                    <div class=\"tab-pane elementkit-tab-pane elementor-repeater-item-3c03e6f  active show\" id=\"content-3c03e6f69f0c342477e6\" role=\"tabpanel\"\n                         aria-labelledby=\"content-3c03e6f69f0c342477e6-tab\">\n                        <div class=\"animated fadeIn\">\n                            <p>Registra tu negocio o empresa en Veneportal totalmente gratis y date a conocer en el mercado hispano global.<\/p>                        <\/div>\n                    <\/div>\n                                    <div class=\"tab-pane elementkit-tab-pane elementor-repeater-item-6937927 \" id=\"content-693792769f0c342477e6\" role=\"tabpanel\"\n                         aria-labelledby=\"content-693792769f0c342477e6-tab\">\n                        <div class=\"animated fadeIn\">\n                            <p>Haz crecer tu negocio m\u00e1s r\u00e1pido llegando a tus clientes potenciales del mercado hispano global. <a href=\"https:\/\/veneportal.com\/noticias\/product\/basic-ads\/\" target=\"_blank\" rel=\"noopener\">Crea aqu\u00ed<\/a> tu anuncio desplegado (banner) en solo minutos en Veneportal desde solo $25 x 1000 impresiones<\/p>                        <\/div>\n                    <\/div>\n                                    <div class=\"tab-pane elementkit-tab-pane elementor-repeater-item-14c6e68 \" id=\"content-14c6e6869f0c342477e6\" role=\"tabpanel\"\n                         aria-labelledby=\"content-14c6e6869f0c342477e6-tab\">\n                        <div class=\"animated fadeIn\">\n                            <p>Promociona tu empresa, marca producto o servicio con una noticia promocional (promo noticia) por solo $50. <a href=\"https:\/\/veneportal.com\/noticias\/publicar-press-release\/\" target=\"_blank\" rel=\"noopener\">Haz click aqui para ordenar<\/a><\/p>                        <\/div>\n                    <\/div>\n                                \n            <\/div>\n                    <\/div>\n    <\/div>\t\t\t\t<\/div>\n\t\t\t\t<\/div>\n\t\t\t\t<div class=\"elementor-element elementor-element-3d161861 elementor-widget elementor-widget-shortcode\" data-id=\"3d161861\" data-element_type=\"widget\" data-e-type=\"widget\" data-widget_type=\"shortcode.default\">\n\t\t\t\t<div class=\"elementor-widget-container\">\n\t\t\t\t\t\t\t<div class=\"elementor-shortcode\"><div class=\"rtcl\">\n<div class=\"rtcl-notices-wrapper\">\n\t\n\t<div class=\"rtcl-message alert alert-success\" role=\"alert\">Ud tiene 1 avisos gratis. Disfrutelos!. Si desea que le hagamos un video de su producto o negocio para ponerlo en su anuncio clasificado y en otras secciones de Veneportal, escribanos para darle mas detalles: <a href=\"https:\/\/veneportal.com\/clasificados\/contact\/\" target=\"_blank\" rel=\"noopener\">Cont\u00e1ctanos.<\/a><\/div>\n<\/div>\n\n<div class=\"rtcl-listing-info-selecting\">\n\t\t\t<div id=\"rtcl-ad-type-selection\">\n\t\t\t<div class=\"rtcl-post-section-title\">\n\t\t\t\t<h3>\n\t\t\t\t\t<i class=\"rtcl-icon rtcl-icon-tags\"><\/i>Seleccione tipo de anuncio\t\t\t\t<\/h3>\n\t\t\t<\/div>\n\t\t\t<div class=\"rtcl-form-group rtcl-row\">\n\t\t\t\t<label for=\"rtcl-category\"\n\t\t\t\t\t   class=\"rtcl-col-md-2 rtcl-field-label\">Tipo de anuncio\t\t\t\t\t<span class=\"require-star\">*<\/span>\n\t\t\t\t<\/label>\n\t\t\t\t<div class=\"rtcl-col-md-10\">\n\t\t\t\t\t<select class=\"rtcl-select2 rtcl-form-control\" id=\"rtcl-ad-type\" name=\"type\" required>\n\t\t\t\t\t\t<option value=\"\">--Seleccione tipo de anuncio--<\/option>\n\t\t\t\t\t\t<option value='negocio'>Negocio<\/option><option value='servicio'>Servicio<\/option><option value='digital'>Digital<\/option>\t\t\t\t\t<\/select>\n\t\t\t\t<\/div>\n\t\t\t<\/div>\n\t\t<\/div>\n\t\t<div id=\"rtcl-ad-category-selection\"\n\t\t style=\"display: none\">\n\t\t<div class=\"rtcl-post-section-title\">\n\t\t\t<h3>\n\t\t\t\t<i class=\"rtcl-icon rtcl-icon-tags\"><\/i>Escoja la categor\u00eda\t\t\t<\/h3>\n\t\t<\/div>\n\t\t<div class=\"rtcl-post-category\">\n\t\t\t<div class=\"rtcl-form-group rtcl-row\" id=\"cat-row\">\n\t\t\t\t<label for=\"rtcl-category\"\n\t\t\t\t\t   class=\"rtcl-col-md-2 rtcl-field-label\">Categor\u00eda\t\t\t\t\t<span class=\"require-star\">*<\/span><\/label>\n\t\t\t\t<div class=\"rtcl-col-md-10\" id=\"rtcl-category-wrap\">\n\t\t\t\t\t<select class=\"rtcl-select2 rtcl-form-control\" id=\"rtcl-category\" required>\n\t\t\t\t\t\t<option value=\"\">Escoja la categor\u00eda<\/option>\n\t\t\t\t\t\t<option value=\"1780\">Servicios profesionales<\/option><option value=\"1782\">Bienes ra\u00edces<\/option><option value=\"1777\">Medios de comunicaci\u00f3n<\/option><option value=\"1784\">Restaurantes<\/option><option value=\"1776\">Servicios comerciales<\/option><option value=\"1781\">Gobierno y ONGs<\/option><option value=\"1785\">Tiendas y Compras<\/option><option value=\"1774\">Hoteles y viajes<\/option><option value=\"1786\">Artesan\u00edas y Antiguedades<\/option><option value=\"1767\">Automotor<\/option><option value=\"1779\">Mascotas<\/option><option value=\"1788\">Computaci\u00f3n &amp; Software<\/option><option value=\"1771\">Servicios financieros<\/option><option value=\"1773\">Servicios para el hogar<\/option><option value=\"1789\">Abogados &amp; Legales<\/option><option value=\"1765\">Deportes<\/option><option value=\"1772\">Salud y Medicina<\/option><option value=\"1768\">Belleza y Spas<\/option><option value=\"1778\">Vida nocturna<\/option><option value=\"1769\">Educaci\u00f3n<\/option><option value=\"1770\">Comida Eventos Catering<\/option><option value=\"1766\">Arte y entretenimiento<\/option><option value=\"184\">Empleos<\/option><option value=\"192\">Electr\u00f3nicos<\/option><option value=\"189\">Ropa<\/option><option value=\"190\">Publicidad<\/option><option value=\"195\">Otros<\/option>\t\t\t\t\t<\/select>\n\t\t\t\t<\/div>\n\t\t\t<\/div>\n\t\t\t\t\t\t<div class=\"rtcl-form-group rtcl-row rtcl-hide\" id=\"sub-cat-row\">\n\t\t\t\t<label for=\"rtcl-sub-category\"\n\t\t\t\t\t   class=\"rtcl-col-md-2 rtcl-field-label\">Sub Categor\u00eda\t\t\t\t\t<span class=\"require-star\">*<\/span><\/label>\n\t\t\t\t<div class=\"rtcl-col-md-10\" id=\"rtcl-sub-category-wrap\">\n\t\t\t\t\t\t\t\t\t<\/div>\n\t\t\t<\/div>\n\t\t<\/div>\n\t<\/div>\n<\/div><\/div><\/div>\n\t\t\t\t\t\t<\/div>\n\t\t\t\t<\/div>\n\t\t\t\t\t<\/div>\n\t\t<\/div>\n\t\t\t\t\t<\/div>\n\t\t<\/section>\n\t\t\t\t<\/div>\n\t\t","protected":false},"excerpt":{"rendered":"<p>Gratis Haz crecer tu negocio Promo noticias! Registra tu negocio o empresa en Veneportal totalmente gratis y date a conocer en el mercado hispano global. Haz crecer tu negocio m\u00e1s r\u00e1pido llegando a tus clientes potenciales del mercado hispano global. Crea aqu\u00ed tu anuncio desplegado (banner) en solo minutos en Veneportal desde solo $25 x<\/p>\n","protected":false},"author":1,"featured_media":0,"parent":0,"menu_order":0,"comment_status":"closed","ping_status":"closed","template":"","meta":{"_rtcl_gb_attr":"","footnotes":""},"class_list":["post-2363","page","type-page","status-publish","hentry"],"_links":{"self":[{"href":"https:\/\/veneportal.com\/directorio\/wp-json\/wp\/v2\/pages\/2363","targetHints":{"allow":["GET"]}}],"collection":[{"href":"https:\/\/veneportal.com\/directorio\/wp-json\/wp\/v2\/pages"}],"about":[{"href":"https:\/\/veneportal.com\/directorio\/wp-json\/wp\/v2\/types\/page"}],"author":[{"embeddable":true,"href":"https:\/\/veneportal.com\/directorio\/wp-json\/wp\/v2\/users\/1"}],"replies":[{"embeddable":true,"href":"https:\/\/veneportal.com\/directorio\/wp-json\/wp\/v2\/comments?post=2363"}],"version-history":[{"count":4,"href":"https:\/\/veneportal.com\/directorio\/wp-json\/wp\/v2\/pages\/2363\/revisions"}],"predecessor-version":[{"id":2796,"href":"https:\/\/veneportal.com\/directorio\/wp-json\/wp\/v2\/pages\/2363\/revisions\/2796"}],"wp:attachment":[{"href":"https:\/\/veneportal.com\/directorio\/wp-json\/wp\/v2\/media?parent=2363"}],"curies":[{"name":"wp","href":"https:\/\/api.w.org\/{rel}","templated":true}]}}