{"id":42377,"date":"2023-07-18T12:53:32","date_gmt":"2023-07-18T16:53:32","guid":{"rendered":"https:\/\/veneportal.com\/clasificados\/listing\/galeria-de-arte-maika-sanchez\/"},"modified":"2023-07-18T20:25:08","modified_gmt":"2023-07-19T00:25:08","slug":"galeria-de-arte-maika-sanchez","status":"publish","type":"rtcl_listing","link":"https:\/\/veneportal.com\/clasificados\/listing\/galeria-de-arte-maika-sanchez\/","title":{"rendered":"Galer\u00eda de arte Maika S\u00e1nchez"},"content":{"rendered":"<p>Se busca empresa compatible con galer\u00eda de arte para compartir espacio en pleno centro de Valencia, junto a la Plaza del Ayuntamiento.<\/p>\n","protected":false},"author":2056,"comment_status":"open","ping_status":"closed","template":"","class_list":["post-42377","rtcl_listing","type-rtcl_listing","status-publish","hentry","rtcl_category-otros","listing-item","rtcl-listing-item"],"_links":{"self":[{"href":"https:\/\/veneportal.com\/clasificados\/wp-json\/wp\/v2\/rtcl_listing\/42377","targetHints":{"allow":["GET"]}}],"collection":[{"href":"https:\/\/veneportal.com\/clasificados\/wp-json\/wp\/v2\/rtcl_listing"}],"about":[{"href":"https:\/\/veneportal.com\/clasificados\/wp-json\/wp\/v2\/types\/rtcl_listing"}],"author":[{"embeddable":true,"href":"https:\/\/veneportal.com\/clasificados\/wp-json\/wp\/v2\/users\/2056"}],"replies":[{"embeddable":true,"href":"https:\/\/veneportal.com\/clasificados\/wp-json\/wp\/v2\/comments?post=42377"}],"wp:attachment":[{"href":"https:\/\/veneportal.com\/clasificados\/wp-json\/wp\/v2\/media?parent=42377"}],"curies":[{"name":"wp","href":"https:\/\/api.w.org\/{rel}","templated":true}]}}

Galería de arte Maika Sánchez

<p>Se busca empresa compatible con galería de arte para compartir espacio en pleno centro de Valencia, junto a la Plaza del Ayuntamiento.</p>
