{"id":35067,"date":"2022-12-02T21:13:56","date_gmt":"2022-12-03T02:13:56","guid":{"rendered":"https:\/\/veneportal.com\/clasificados\/listing\/salud-ocupacional-para-empresas-en-quito\/"},"modified":"2022-12-03T17:48:25","modified_gmt":"2022-12-03T22:48:25","slug":"salud-ocupacional-para-empresas-en-quito","status":"publish","type":"rtcl_listing","link":"https:\/\/veneportal.com\/clasificados\/listing\/salud-ocupacional-para-empresas-en-quito\/","title":{"rendered":"SALUD OCUPACIONAL PARA EMPRESAS EN QUITO"},"content":{"rendered":"<div class=\"row\">\n<div class=\"col divContUser\">\n<p><strong><a href=\"http:\/\/www.vitalcarequito.com\/\" target=\"_blank\" rel=\"nofollow noopener ugc\">Salud ocupacional Quito<\/a><\/strong><br \/>\nServicio para empresas y grupos<\/p>\n<p>Cumplimiento asegurado en\u00a0 <a href=\"http:\/\/www.vitalcarequito.com\/\" target=\"_blank\" rel=\"noopener\">seguridad laboral<\/a>, normativa medioambiental y de calidad, brindamos asesoramiento en materia de seguridad ocupacional. Te ofrecemos un servicio basado en la confianza y la excelencia en el \u00e1rea laboral para la prevenci\u00f3n de riesgos laborales de su empresa.<\/p>\n<p>Estamos a su servicio las 24 horas : Somos su M\u00e9dico las 24 horas<br \/>\nL\u00ednea de emergencia: 09-7870-1681<br \/>\nDirecci\u00f3n: Zaruma S9K y Jauja \u2013 La Magdalena\u00a0 Quito<br \/>\n<a href=\"http:\/\/www.vitalcarequito.com\/\" target=\"_blank\" rel=\"nofollow noopener ugc\">www.vitalcarequito.com<\/a><br \/>\ninfo@www.vitalcarequito.com<\/p>\n<p>SOMOS <strong><a href=\"http:\/\/www.vitalcarequito.com\/\" target=\"_blank\" rel=\"nofollow noopener ugc\">VITALCARE QUITO <\/a><\/strong><\/p>\n<p>Nuestros servicios\u00a0 :<\/p>\n<p>*Ex\u00e1menes M\u00e9dicos<br \/>\nEx\u00e1menes de ingreso para personal de su empresa, certificados avalados por el ministerio de salud.<\/p>\n<p>*Visita de M\u00e9dicos<br \/>\nCoordinaci\u00f3n de visita de <a href=\"http:\/\/www.vitalcarequito.com\/\" target=\"_blank\" rel=\"nofollow noopener ugc\">m\u00e9dicos ocupacionales<\/a> en su empresa para diagn\u00f3sticos generales.<\/p>\n<p>*Salud F\u00edsica y Nutrici\u00f3n<br \/>\nPlanes de nutrici\u00f3n y salud f\u00edsica de los trabajadores para un \u00f3ptimo rendimiento laboral.<\/p>\n<p>Brindamos <a href=\"http:\/\/www.vitalcarequito.com\/\" target=\"_blank\" rel=\"noopener\">asistencia m\u00e9dica las 24 horas<\/a><\/p>\n<p><a href=\"http:\/\/www.vitalcarequito.com\/\" target=\"_blank\" rel=\"nofollow noopener ugc\">salud ocupacional en quito<\/a> ::visitas m\u00e9dicas en Quito<br \/>\ncapacitaciones m\u00e9dicas en Quito :: bienestar emocional : <a href=\"http:\/\/www.vitalcarequito.com\/\" target=\"_blank\" rel=\"nofollow noopener ugc\">salud ocupacional en Quito<\/a><br \/>\nnutricionistas en Quito :: <a href=\"http:\/\/www.vitalcarequito.com\/\" target=\"_blank\" rel=\"nofollow noopener ugc\">salud ocupacional<\/a>\u00a0 \u00a0 : <a href=\"http:\/\/www.vitalcarequito.com\/\" target=\"_blank\" rel=\"nofollow noopener ugc\">salud ocupacional para empresas en Quito<\/a><br \/>\nCumbay\u00e1 : San Rafael : Quito : Cotocollao : Conocoto : Carcel\u00e9n<br \/>\nQuito &#8211; Ecuador<\/p>\n<\/div>\n<\/div>\n","protected":false},"author":1718,"comment_status":"open","ping_status":"closed","template":"","class_list":["post-35067","rtcl_listing","type-rtcl_listing","status-publish","hentry","rtcl_category-servicios","listing-item","rtcl-listing-item"],"_links":{"self":[{"href":"https:\/\/veneportal.com\/clasificados\/wp-json\/wp\/v2\/rtcl_listing\/35067","targetHints":{"allow":["GET"]}}],"collection":[{"href":"https:\/\/veneportal.com\/clasificados\/wp-json\/wp\/v2\/rtcl_listing"}],"about":[{"href":"https:\/\/veneportal.com\/clasificados\/wp-json\/wp\/v2\/types\/rtcl_listing"}],"author":[{"embeddable":true,"href":"https:\/\/veneportal.com\/clasificados\/wp-json\/wp\/v2\/users\/1718"}],"replies":[{"embeddable":true,"href":"https:\/\/veneportal.com\/clasificados\/wp-json\/wp\/v2\/comments?post=35067"}],"wp:attachment":[{"href":"https:\/\/veneportal.com\/clasificados\/wp-json\/wp\/v2\/media?parent=35067"}],"curies":[{"name":"wp","href":"https:\/\/api.w.org\/{rel}","templated":true}]}}

<div class="row">
<div class="col divContUser">
<p><strong><a href="http://www.vitalcarequito.com/" target="_blank" rel="nofollow noopener ugc">Salud ocupacional Quito</a></strong><br />
Servicio para empresas y grupos</p>
<p>Cumplimiento asegurado en  <a href="http://www.vitalcarequito.com/" target="_blank" rel="noopener">seguridad laboral</a>, normativa medioambiental y de calidad, brindamos asesoramiento en materia de seguridad ocupacional. Te ofrecemos un servicio basado en la confianza y la excelencia en el área laboral para la prevención de riesgos laborales de su empresa.</p>
<p>Estamos a su servicio las 24 horas : Somos su Médico las 24 horas<br />
Línea de emergencia: 09-7870-1681<br />
Dirección: Zaruma S9K y Jauja – La Magdalena  Quito<br />
<a href="http://www.vitalcarequito.com/" target="_blank" rel="nofollow noopener ugc">www.vitalcarequito.com</a><br />
info@www.vitalcarequito.com</p>
<p>SOMOS <strong><a href="http://www.vitalcarequito.com/" target="_blank" rel="nofollow noopener ugc">VITALCARE QUITO </a></strong></p>
<p>Nuestros servicios  :</p>
<p>*Exámenes Médicos<br />
Exámenes de ingreso para personal de su empresa, certificados avalados por el ministerio de salud.</p>
<p>*Visita de Médicos<br />
Coordinación de visita de <a href="http://www.vitalcarequito.com/" target="_blank" rel="nofollow noopener ugc">médicos ocupacionales</a> en su empresa para diagnósticos generales.</p>
<p>*Salud Física y Nutrición<br />
Planes de nutrición y salud física de los trabajadores para un óptimo rendimiento laboral.</p>
<p>Brindamos <a href="http://www.vitalcarequito.com/" target="_blank" rel="noopener">asistencia médica las 24 horas</a></p>
<p><a href="http://www.vitalcarequito.com/" target="_blank" rel="nofollow noopener ugc">salud ocupacional en quito</a> ::visitas médicas en Quito<br />
capacitaciones médicas en Quito :: bienestar emocional : <a href="http://www.vitalcarequito.com/" target="_blank" rel="nofollow noopener ugc">salud ocupacional en Quito</a><br />
nutricionistas en Quito :: <a href="http://www.vitalcarequito.com/" target="_blank" rel="nofollow noopener ugc">salud ocupacional</a>    : <a href="http://www.vitalcarequito.com/" target="_blank" rel="nofollow noopener ugc">salud ocupacional para empresas en Quito</a><br />
Cumbayá : San Rafael : Quito : Cotocollao : Conocoto : Carcelén<br />
Quito &#8211; Ecuador</p>
</div>
</div>
