{"id":33601,"date":"2022-10-06T16:00:53","date_gmt":"2022-10-06T20:00:53","guid":{"rendered":"https:\/\/veneportal.com\/clasificados\/listing\/servicio-de-miniteca-en-cartagena\/"},"modified":"2022-10-06T19:02:40","modified_gmt":"2022-10-06T23:02:40","slug":"servicio-de-miniteca-en-cartagena","status":"publish","type":"rtcl_listing","link":"https:\/\/veneportal.com\/clasificados\/listing\/servicio-de-miniteca-en-cartagena\/","title":{"rendered":"servicio de miniteca en cartagena"},"content":{"rendered":"<p>Ofrecemos los\u00a0 servicios de minitecas para\u00a0 eventos sociales, bodas quincea\u00f1eros, cumplea\u00f1os, fiestas infantiles,\u00a0 proms, grados, chiquitecas, pillamadas, etc.<\/p>\n<p>Contamos con multiples paquetes que incluyen los servicios de show de dj en vivo, iluminaci\u00f3n profesional, sonido y efectos especiales Venturi, pirotecnia, volcanes de p\u00f3lvora fr\u00eda, entre otros servicios.<\/p>\n<p>Solicite su cotizaci\u00f3n ahora mismo\u00a0 y obtenga hasta\u00a0 el 20% de descuento, nosotros le armamos un paquete de acuerdo\u00a0 a su presupuesto.<\/p>\n<p>Informes al \u00a0(300) 826 4805 &#8212; V\u00eda WhatsApp: (+57) 3008264805<\/p>\n","protected":false},"author":1627,"comment_status":"open","ping_status":"closed","template":"","class_list":["post-33601","rtcl_listing","type-rtcl_listing","status-publish","hentry","rtcl_category-servicios","listing-item","rtcl-listing-item"],"_links":{"self":[{"href":"https:\/\/veneportal.com\/clasificados\/wp-json\/wp\/v2\/rtcl_listing\/33601","targetHints":{"allow":["GET"]}}],"collection":[{"href":"https:\/\/veneportal.com\/clasificados\/wp-json\/wp\/v2\/rtcl_listing"}],"about":[{"href":"https:\/\/veneportal.com\/clasificados\/wp-json\/wp\/v2\/types\/rtcl_listing"}],"author":[{"embeddable":true,"href":"https:\/\/veneportal.com\/clasificados\/wp-json\/wp\/v2\/users\/1627"}],"replies":[{"embeddable":true,"href":"https:\/\/veneportal.com\/clasificados\/wp-json\/wp\/v2\/comments?post=33601"}],"wp:attachment":[{"href":"https:\/\/veneportal.com\/clasificados\/wp-json\/wp\/v2\/media?parent=33601"}],"curies":[{"name":"wp","href":"https:\/\/api.w.org\/{rel}","templated":true}]}}

<p>Ofrecemos los  servicios de minitecas para  eventos sociales, bodas quinceañeros, cumpleaños, fiestas infantiles,  proms, grados, chiquitecas, pillamadas, etc.</p>
<p>Contamos con multiples paquetes que incluyen los servicios de show de dj en vivo, iluminación profesional, sonido y efectos especiales Venturi, pirotecnia, volcanes de pólvora fría, entre otros servicios.</p>
<p>Solicite su cotización ahora mismo  y obtenga hasta  el 20% de descuento, nosotros le armamos un paquete de acuerdo  a su presupuesto.</p>
<p>Informes al  (300) 826 4805 &#8212; Vía WhatsApp: (+57) 3008264805</p>
